33*p**2 + 4004*p - 2707. Give b(-122).
-23
Let n(g) = -1220*g - 32525. Calculate n(-27).
415
Let r(k) = -613*k - 8532. Determine r(-14).
50
Let k(c) = 6*c**3 - 153*c**2 - 69*c - 266. Calculate k(26).
-32
Let z(g) = -g**3 + 135*g**2 + 4044*g + 22847. What is z(161)?
-15
Let b(c) = -8*c**2 - 4182*c + 8390. Give b(2).
-6
Let h(l) = 38*l**3 + 10*l**2 + 301*l + 1111. Determine h(-4).
-2365
Let a(x) = 4*x**3 - 17*x**2 - 224*x + 124. What is a(-6)?
-8
Let s(u) = 23*u**2 - 4920*u - 19653. What is s(-4)?
395
Let d(x) = 3*x**2 + 53*x + 549. Determine d(-16).
469
Let m(p) = -p**3 - 11*p**2 + 816*p - 831. Give m(-35).
9
Let l(a) = 8*a**2 - 166*a + 755. Calculate l(9).
-91
Let d(w) = -7330*w - 630424. What is d(-86)?
-44
Let o(k) = -k**3 + 298*k**2 + 4372*k - 1242. What is o(312)?
6
Let j(b) = -3*b**3 - 98*b**2 - 595*b - 7990. Calculate j(-29).
14
Let r(x) = 1841*x + 265626. Calculate r(-144).
522
Let r(o) = -7*o + 1191. Calculate r(148).
155
Let r(w) = -13*w**3 - 574*w**2 - 9*w + 67. Give r(0).
67
Let z(x) = -2078*x + 21758. Determine z(11).
-1100
Let z(q) = 154247*q + 1079618. Give z(-7).
-111
Let s(r) = 271*r + 12242. What is s(-45)?
47
Let c(v) = -22*v**3 - 3*v**2 + 397*v + 1981. Calculate c(-5).
2671
Let m(v) = -6*v**2 + 40262*v + 362843. Calculate m(-9).
-1
Let s(d) = 9*d**2 - 366*d - 481. What is s(22)?
-4177
Let f(u) = 14*u**2 + 3368*u - 94631. Determine f(-266).
65
Let m(f) = -24*f**2 - 205*f - 10. What is m(-9)?
-109
Let y(t) = -t**3 - 7*t**2 - 6*t - 81. Calculate y(-8).
31
Let g(b) = -38*b**2 - 117*b - 458. What is g(-5)?
-823
Let y(w) = -3492*w + 45479. Give y(13).
83
Let j(c) = c**3 + 360*c**2 + 703*c - 4647. Determine j(-358).
7
Let n(g) = -1553*g**2 - 7822*g - 6. Calculate n(-5).
279
Let y(a) = 7*a**2 + 532*a - 12637. Determine y(-95).
-2
Let q(s) = 2075*s + 126571. Calculate q(-61).
-4
Let s(u) = -u**2 - 119*u - 583. Calculate s(-113).
95
Let c(u) = -1047998*u + 8383978. Determine c(8).
-6
Let g(x) = -12094*x**2 + 60400*x + 4. Calculate g(5).
-346
Let u(k) = 128*k**3 + k**2 - 15*k + 19. Calculate u(2).
1017
Let j(x) = -4*x**2 + 214*x + 2403. What is j(-12)?
-741
Let j(w) = -3113*w - 413937. Give j(-133).
92
Let s(f) = 4*f**3 - 9*f**2 - 659*f + 1301. Determine s(13).
1
Let i(c) = -126*c**2 + 29734*c + 569. Determine i(236).
97
Let f(m) = -m**3 - 211*m**2 + 435*m + 2408. What is f(-213)?
491
Let h(k) = 232635*k - 3489447. What is h(15)?
78
Let n(x) = -3594*x - 618173. Determine n(-172).
-5
Let u(b) = -46*b**2 + 2219*b + 8876. What is u(-4)?
-736
Let s(k) = 5989*k + 53897. Determine s(-9).
-4
Let h(q) = -873*q - 5550. Calculate h(-6).
-312
Let q(v) = 649*v + 109639. Calculate q(-169).
-42
Let h(g) = 141*g**2 - 225*g + 79. Give h(1).
-5
Let k(x) = 3*x**2 + 9889*x - 6359646. Determine k(551).
-4
Let t(l) = 3*l**2 + 11181*l + 133747. What is t(-12)?
7
Let h(r) = -2133*r - 6253. What is h(-3)?
146
Let y(h) = 8672*h - 1040516. Calculate y(120).
124
Let m(d) = 4*d**2 + 75*d - 68. Determine m(-14).
-334
Let x(w) = 39*w**2 - 2622*w + 189. What is x(67)?
-414
Let z(o) = -o**3 - 153*o**2 - 4045*o + 271. What is z(-119)?
152
Let q(t) = -t**2 + 201*t - 8298. What is q(58)?
-4
Let f(d) = -d**3 - 379*d**2 - 1871*d - 368. What is f(-374)?
6
Let s(u) = -7*u**2 + 80*u - 735. What is s(13)?
-878
Let y(s) = -384*s - 352. Determine y(-1).
32
Let h(q) = -2*q**3 + 155*q**2 - 508*q + 33178. Determine h(77).
-9
Let q(x) = 2*x**2 - 718*x + 10894. Calculate q(343).
-82
Let t(r) = 27*r**3 + 518*r**2 + 93*r - 237. Determine t(-19).
-199
Let c(m) = 21*m**3 + 1803*m**2 - 259*m - 78. What is c(-86)?
8
Let z(q) = -45*q**2 + 3479*q + 1686. Determine z(78).
-732
Let r(x) = x**3 - 4*x**2 + 1343*x + 2689. What is r(-2)?
-21
Let u(n) = -15076*n - 1085459. Calculate u(-72).
13
Let d(v) = v**2 + 112*v + 2421. What is d(-33)?
-186
Let v(b) = 4443*b - 164997. Calculate v(37).
-606
Let o(m) = -4*m**3 - 1474*m**2 - 67404*m + 1891. What is o(-315)?
1
Let g(h) = -2*h**3 + 10*h**2 + 19*h - 15. Calculate g(4).
93
Let m(a) = 3*a**3 - 26*a**2 - 6311*a + 56727. Give m(9).
9
Let s(m) = -8567*m + 4017926. Determine s(469).
3
Let i(t) = -2*t**2 - 82892*t - 3477967. Give i(-42).
-31
Let k(y) = -2*y**2 - 1315*y + 627. Determine k(0).
627
Let i(f) = -179282*f + 179258. What is i(1)?
-24
Let b(t) = 3*t**3 + 335*t**2 - 106*t + 565. Give b(-112).
-107
Let d(h) = 148*h**2 + 924*h - 2757. What is d(3)?
1347
Let n(y) = y**3 - 57*y**2 + 698*y + 953. Calculate n(38).
41
Let s(q) = -12076*q - 193221. What is s(-16)?
-5
Let v(u) = u**3 + 2*u**2 - 236*u - 1543. Give v(-9).
14
Let y(t) = -41252*t + 1320052. What is y(32)?
-12
Let y(f) = 12*f**3 + 39*f**2 - 266*f - 829. Give y(-3).
-4
Let f(t) = 33237*t - 66429. Determine f(2).
45
Let m(q) = -18797*q - 150380. Determine m(-8).
-4
Let y(k) = -11*k**2 - 2630*k - 2766. Calculate y(-238).
90
Let q(z) = -z**3 + 70*z**2 + 10170*z + 85136. What is q(-9)?
5
Let n(j) = 79138*j + 633113. Determine n(-8).
9
Let v(m) = m**3 - 150*m**2 + 5625*m + 47. What is v(76)?
123
Let d(k) = 56*k + 7356. What is d(-46)?
4780
Let c(y) = 5126*y - 30094. Determine c(6).
662
Let n(s) = 112*s + 6639. Give n(-59).
31
Let c(r) = -99*r**2 - 674*r + 3116. Determine c(-10).
-44
Let q(v) = 2*v**3 + 107*v**2 + 646*v - 47. Determine q(-46).
1977
Let p(n) = 13*n**2 - 4246*n - 21558. Calculate p(-5).
-3
Let n(x) = -7134*x - 21387. What is n(-3)?
15
Let q(s) = 178*s**2 + 2*s - 127. Calculate q(0).
-127
Let c(i) = -2*i**3 + 44*i**2 + 5422*i - 119373. Determine c(22).
-89
Let h(g) = g**3 - g**2 - 203*g + 1314. Give h(7).
187
Let v(x) = 8*x**2 + 4609*x - 119599. Determine v(-601).
0
Let y(s) = -13*s**3 + 114*s**2 - 218*s - 2. Determine y(6).
-14
Let y(r) = r**3 + 100*r**2 - 631*r + 241. What is y(-106)?
-289
Let b(x) = 6649*x + 2573164. Determine b(-387).
1
Let j(a) = 764*a - 23860. Give j(30).
-940
Let b(a) = -9804*a + 89327. What is b(9)?
1091
Let w(r) = -6*r**2 + 356*r + 360. Give w(59).
478
Let h(g) = 15565*g - 46678. Calculate h(3).
17
Let s(p) = 1020*p + 21401. What is s(-21)?
-19
Let i(r) = -184*r + 70673. Determine i(384).
17
Let c(l) = -85050*l + 170107. Calculate c(2).
7
Let p(h) = -h**3 + 61*h**2 - 172*h + 14106. Give p(61).
3614
Let t(g) = -3*g**3 + 797*g**2 + 8537*g + 5230. Determine t(276).
-14
Let q(m) = m**3 - 13*m**2 + 5*m + 74. Give q(8).
-206
Let c(w) = w**2 + 289*w - 152584. Calculate c(272).
8
Let z(m) = -31*m**2 + 1591*m - 1595. Determine z(1).
-35
Let q(v) = -6*v**3 - 43*v**2 - 162*v - 1. Calculate q(-4).
343
Let x(w) = 8*w**2 - 42*w + 20. Calculate x(-8).
868
Let g(i) = -43*i**2 + 2003*i - 247. Give g(47).
-1093
Let w(t) = t**2 - 411*t + 15789. Determine w(43).
-35
Let u(b) = b**3 + 114*b**2 + 443*b + 467. Determine u(-110).
137
Let r(h) = -19*h**2 - 18339*h + 14497. Give r(-966).
7
Let r(w) = w**3 + 361*w**2 + 305*w - 19794. What is r(-360)?
6
Let z(f) = -4*f**2 + 405*f + 2395. Give z(107).
-66
Let c(n) = 571*n**3 - n**2 - 277*n - 276. Determine c(-1).
-571
Let s(g) = -11*g**3 - 254*g**2 - 1251*g - 49. Calculate s(-16).
-1
Let t(a) = 208*a**2 - 20799*a - 84. Calculate t(100).
16
Let w(n) = n**2 - 5325*n - 503884. What is w(-93)?
-10
Let b(s) = -2*s**2 + 273*s - 7284. Determine b(41).
547
Let h(u) = -u**2 - 38*u + 521. Give h(15).
-274
Let c(b) = -144*b**2 - 98*b - 9. Give c(-1).
-55
Let q(s) = s**3 + 35*s**2 + 196*s + 142. Determine q(-6).
10
Let l(m) = -4*m**2 + 4162*m + 48479. Give l(1052).
87
Let d(g) = 65*g**2 + 69*g - 219. Give d(3).
573
Let j(z) = 511*z + 2292. What is j(-4)?
248
Let z(n) = -25435*n - 864779. What is z(-34)?
11
Let p(m) = -3977*m + 27820. Determine p(7).
-19
Let f(y) = 3*y**3 - 187*y**2 - 104*y - 1396. Give f(63).
-10
Let i(f) = f**3 - 237*f**2 + 1843*f - 2533. Give i(229).
-14
Let k(j) = 2*j**3 - 158*j**2 - 1333*j - 31. Give k(-8).
-503
Let p(b) = -b**2 + 650*b - 48446. Determine p(85).
-421
Let f(r) = 174*r**2 + 2776*r - 74. What is f(-16)?
54
Let h(d) = 119977*d + 959868. Give h(-8).
52
Let k(l) = 8*l**3 - 2176*l**2 + l - 268. Determine k(272).
4
Let w(f) = -121*f**2 + 27157*f - 27156. Give w(1).
-120
Let l(x) = 5*x**3 - 341*x**2 + 17*x + 3480. Give l(68).
12
Let n(g) = -g**3 + 115*g**2 + 857*g + 315. What is n(122)?
681
Let m(k) = -118*k + 15198. What is m(127)?
212
Let z(p) = -1865*p**2 + 117528*p - 2064. What is z(63)?
15
Let o(y) = 68*y**2 - 330